t is the thousands digit of l?
6
Suppose -5*w + 88 = -2*p, -2*p - 76 = -4*w - 6*p. What is the units digit of ((-6)/w)/(2/(-216))?
6
Let g(n) = -n**2 + n + 4. Let o be g(0). What is the units digit of (o - 5)/((-7)/448)?
4
Suppose 58*j = 61*j - 3*w - 130005, j = -w + 43323. What is the units digit of j?
9
Let y(t) = -81*t - 299. Suppose 11*s + 8*s = -494. What is the thousands digit of y(s)?
1
Let y = -88 - -88. Let g be 7602/70 + 4/10 + y. Suppose v - g - 63 = 2*k, -3*k = -4*v + 693. What is the tens digit of v?
7
Let y(j) = 488*j**2 - 64*j + 474. What is the thousands digit of y(6)?
7
Let f(i) = 40*i**3 + 0*i**2 + 4*i + i**2 - 2*i**2 + 1. What is the units digit of f(2)?
5
Let d(p) = -5415*p + 271. What is the hundreds digit of d(-4)?
9
Suppose -12194 = -20*d - 3754. Suppose -q + 2*t = t - d, -q = 3*t - 442. What is the tens digit of q?
2
Suppose 0 = -3*g + 2*b - b - 12, 3*b - 18 = 3*g. What is the units digit of (g + -5 + 4)*(-3 + -68)?
4
Let l = -149 + 161. Suppose -3*n + 708 = l. What is the hundreds digit of n?
2
Suppose p + 2699 = -c, -10*p = -2*c - 15*p - 5395. What is the hundreds digit of (8 - 7)/(5396/c - -2)?
6
Let b = -4 + 51. Let f = b + -29. Suppose -22 = -3*n - 2*s + s, f = 2*n + 4*s. What is the units digit of n?
7
Let s = -673 - -121. Let o = s + 923. What is the hundreds digit of o?
3
Let g = 253 - 51. Suppose -9*x = -g + 22. What is the tens digit of x?
2
Let r be (-4)/20 + 8/(-10). Let x be (-6)/2 + (-207)/r. Suppose -19*z = -16*z - x. What is the units digit of z?
8
Let m = 402 - 385. Suppose -m*z + 16375 = 6124. What is the units digit of z?
3
Let a = 157 - 245. Let w be 6/4*a/(-2). Let x = w + -26. What is the units digit of x?
0
Let r be -3 - 458/(-2)*27. Suppose 0 = -0*j - 5*j - r. What is the units digit of (-4)/6 - j/18?
8
Suppose -1281 - 2799 = -6*m. Suppose 4*c - 7*u - 1376 = -5*u, m = 2*c + u. What is the units digit of c?
2
Let f(d) be the first derivative of 4*d**3/3 - d**2/2 + 22*d + 1. Let n be ((-3)/(-6))/(0 + (-6)/60). What is the units digit of f(n)?
7
Let m be (-1)/(1948/(-278) + 7). Let a = -171 + 322. Suppose 0 = -r - 2*r + b + m, -3*r = -4*b - a. What is the tens digit of r?
4
Let w = -60 - -48. Let b be (-909)/w + (-9)/12. Let d = b + 24. What is the tens digit of d?
9
Suppose 6*x + 135572 = 8*l + 4*x, -84733 = -5*l + x. What is the hundreds digit of l?
9
Let y(c) = -7*c**2 - 7*c - 8. Let a(r) = -r**2 - r - 1. Let w(b) = 6*a(b) - y(b). Suppose 26*p - 31*p = -20, -g - p + 7 = 0. What is the tens digit of w(g)?
1
Let f = 11 - 9. Suppose -f*k - 10 = -16. Suppose -x = -3*g + 112, -5*g - 5*x + 86 = -k*g. What is the units digit of g?
8
Suppose -f = 3*h + h + 12, -2*f + 2*h + 16 = 0. Suppose 164 = -d - 2*c - 0*c, f*c = 3*d + 482. Let j = -40 - d. What is the hundreds digit of j?
1
Let s = 54 + -110. What is the units digit of s/8 + 4 - (-923 - 2)?
2
Suppose 5*z - 16*a + 21*a = 233560, 0 = -5*z + 4*a + 233533. What is the thousands digit of z/39 + (-2)/(-6)?
1
Suppose -4*f - 58 = 4*c - 18, 0 = -2*c + f - 32. Let n(a) = 9*a + 14. Let i(m) = 1. Let y(t) = i(t) - n(t). What is the hundreds digit of y(c)?
1
Let k(i) = i**3 - 15*i**2 - 35*i + 19. Let j be k(17). Suppose 0 = j*h + u - 315, 3*h - 475 = -5*u + 4*u. What is the tens digit of h?
6
Let c(a) = 50*a + 117. Let t be c(5). Let r = t - 204. What is the units digit of r?
3
What is the units digit of 1/8 - (-4752270)/1296?
7
What is the tens digit of (-65)/(-3)*(-6216)/(-370)?
6
Let g(y) = 400*y + 447. What is the tens digit of g(1)?
4
Let p(v) = -12*v + 128. Let c be p(4). Suppose -5*o - 1 + 116 = -3*k, 0 = 5*o + 4*k - c. What is the tens digit of o?
2
Suppose -3*l - 43493 = -w - 9613, 3*w + 4*l - 101588 = 0. What is the units digit of w?
8
Let v(q) = q**3 + 2*q**2 + 209. Let a be v(0). Let y = -2 + a. What is the units digit of y?
7
Let w(d) = d**3 + 70*d**2 + 105*d - 88. What is the tens digit of w(-66)?
0
Let b(l) = -4*l + 37. Let h(u) = 18*u - 148. Let p(w) = -26*b(w) - 6*h(w). Let d be p(-19). Suppose d*v = 199 - 21. What is the units digit of v?
9
Suppose 0 = -0*f - 24*f - 2328. Let n = 335 + f. What is the tens digit of n?
3
Let r = 56 - 55. Let d be (3*r)/(3/76). What is the units digit of d/((-1)/((-4)/8))?
8
Let n(g) = -g + 15. Let d be n(12). Suppose 0 = 5*y - 10, d*y - 5 = 3*p - y. Let c(m) = 73*m + 1. What is the units digit of c(p)?
4
Suppose -30 + 0 = -15*l. Suppose 4*b - 5257 = -5*k, 5*b = -3*k - l*k + 6565. What is the hundreds digit of b?
3
Let i(l) = 13*l - 35. Let p(g) = -g + 27. Let h be p(23). What is the tens digit of i(h)?
1
Let r(t) = -42*t + 213. Let k be r(5). Suppose -2*n = k*q - 3160, -5*q - 4*n + 1785 = -3485. What is the hundreds digit of q?
0
Let k(z) = z**2 - 3*z - 13. Let h be k(6). Suppose h*t - 2*c - 1634 = 0, 0 = t - 5*t - c + 1315. What is the tens digit of t?
2
Let r be (7/(-14) - 9/(-2)) + 31. Let w(i) = -2*i**3 - 19*i**2 + 4 - 3*i**2 + 14*i - r*i + i**3. What is the units digit of w(-21)?
4
Let o = 251 - 129. Let h = o + -112. What is the tens digit of h?
1
Let z = 3 + 0. Suppose 2*q - 253 = -z*l, 5*q - 7*l = -2*l + 645. Suppose 2*j = -3*b + 522, 5*b - 916 = -4*j + q. What is the tens digit of j?
6
Suppose 0 = 38*n + 360212 - 1396206. What is the hundreds digit of n?
2
Let h be 14*(432/56)/3. Let l = h - -743. What is the tens digit of l?
7
Let l(h) = -269*h - 3. Let f be l(-3). Let i be (0 + 2)*f/24. Suppose -3*q - 4*n + i = -170, 79 = q - 5*n. What is the tens digit of q?
7
Suppose -82168 = -4*r - 4*n, 196*r + 20551 = 197*r - 2*n. What is the units digit of r?
5
Let n be -1*((-28)/(-49))/(6/(-21)). What is the tens digit of -745*(n + (-112)/40)?
9
Let t = 294 - 304. Let f(o) = -o**3 - o**2 + 8*o + 19. What is the hundreds digit of f(t)?
8
Let b(v) = -4*v - 90. Suppose -2*t + 5*x = 0, -2*t = -3*t - x. Let a be b(t). Let s = -50 - a. What is the tens digit of s?
4
Let b(q) = -10*q - 159. Let v be b(18). Let p = v + 1221. What is the tens digit of p?
8
Let p(i) = 567*i**2 + 2*i + 89. What is the ten thousands digit of p(6)?
2
Let z = 53424 - 30640. What is the tens digit of z?
8
Let g be -2*4/(-4)*3. Let i(n) = n**3 - 7*n**2 + 9*n - 15. Let w be i(g). Suppose -2*o + 118 = k, 4*o + w*k = 7*o - 159. What is the tens digit of o?
5
Let u(x) = 1 - 5 - 1 - 325*x + 76*x. What is the hundreds digit of u(-1)?
2
Let y(l) = 1355*l**2 + 26*l - 65. What is the hundreds digit of y(7)?
5
Let u(z) be the first derivative of z**3/3 - 17*z**2/2 - 38*z - 2. Let c be u(19). Suppose 7*k - 154 - 154 = c. What is the units digit of k?
4
Suppose 511016 = -15*r + 103*r. What is the thousands digit of r?
5
Suppose 0*y = -7*y + 126. Let s(o) = -4 - 4*o**3 + y - 4*o**2 - 2*o + 8*o + 3*o**3. What is the tens digit of s(-7)?
1
Suppose a + 143 = -195. Let i = -167 - a. What is the hundreds digit of i?
1
Suppose 40*s - 13*s = -216. What is the tens digit of -2 - ((-4)/s)/((-4)/2240)?
7
Suppose -3*n + 5*p + 15 = 2*n, 4*n + 5*p = 12. Let t(g) = -3*g + 15. Let l be t(n). What is the units digit of (-28)/(-6) + 20/l + -4?
4
Let m(i) = -16*i**2 - 437*i + 129. What is the hundreds digit of m(-12)?
0
Let m(a) = 7*a**3 - 42*a**2 - a. Let n be m(6). What is the units digit of 9 + (603 - 2) - n?
6
Suppose 0 = -3*k - 6*w + 57576, -2*k + 12893 = 2*w - 25477. What is the units digit of k?
8
Let h(p) = 2*p**3 - 2*p**2 + 2*p - 3. Let l be h(2). Let y = -15 + l. What is the hundreds digit of 3/6*(486 - y)?
2
Suppose -4*s - i - i = -50, -4*s - 3*i = -53. Let n(p) = 2*p**2 + 21*p + 2 + 6 + 8 - 4*p**2. What is the units digit of n(s)?
5
Let v = -4388 + 10253. What is the tens digit of v?
6
Let m = 12 + -10. Let d(p) = -1 + 0 - 3*p + 3 + 2*p**m - 21. What is the tens digit of d(-5)?
4
Let v(g) = -g**2 + 5*g + 3. Suppose 4*s - 4*o = 10 + 30, -4*s - 3*o + 12 = 0. Let r be v(s). What is the tens digit of r*-3*1*159/27?
5
Let z = -736 - -747. Suppose 5782 = z*u + 3*u. What is the hundreds digit of u?
4
Suppose 5*o + 2 = -18, -3*f + 3*o = -13863. What is the units digit of f?
7
Let t be 76/418 + (131592/33)/2. Suppose -3*w = 15, 3*s + 409 = 5*w + t. What is the units digit of s?
0
Let y = -25227 + 42044. What is the hundreds digit of y?
8
Suppose -800*q + 101662 = -789*q. What is the tens digit of q?
4
Let y(b) = b**2 - 6*b + 6. Let l be y(27). Let q = 1037 - l. What is